{"id":104,"date":"2022-03-14T13:24:16","date_gmt":"2022-03-14T12:24:16","guid":{"rendered":"https:\/\/www.pourgreenquentin.org\/?page_id=104"},"modified":"2022-03-14T13:35:17","modified_gmt":"2022-03-14T12:35:17","slug":"mentions-legales","status":"publish","type":"page","link":"https:\/\/www.pourgreenquentin.org\/?page_id=104","title":{"rendered":"Mentions L\u00e9gales"},"content":{"rendered":"\t\t<div data-elementor-type=\"wp-page\" data-elementor-id=\"104\" class=\"elementor elementor-104\" data-elementor-settings=\"[]\">\n\t\t\t\t\t\t\t<div class=\"elementor-section-wrap\">\n\t\t\t\t\t\t\t<section class=\"elementor-section elementor-top-section elementor-element elementor-element-dbcd5c9 elementor-section-boxed elementor-section-height-default elementor-section-height-default\" data-id=\"dbcd5c9\" data-element_type=\"section\" data-settings=\"{&quot;jet_parallax_layout_list&quot;:[]}\">\n\t\t\t\t\t\t<div class=\"elementor-container elementor-column-gap-default\">\n\t\t\t\t\t<div class=\"elementor-column elementor-col-100 elementor-top-column elementor-element elementor-element-d993b0f\" data-id=\"d993b0f\" data-element_type=\"column\">\n\t\t\t<div class=\"elementor-widget-wrap elementor-element-populated\">\n\t\t\t\t\t\t\t\t<section class=\"elementor-section elementor-inner-section elementor-element elementor-element-b40251f elementor-section-boxed elementor-section-height-default elementor-section-height-default\" data-id=\"b40251f\" data-element_type=\"section\" data-settings=\"{&quot;jet_parallax_layout_list&quot;:[]}\">\n\t\t\t\t\t\t<div class=\"elementor-container elementor-column-gap-default\">\n\t\t\t\t\t<div class=\"elementor-column elementor-col-50 elementor-inner-column elementor-element elementor-element-d526138 raven-column-flex-start raven-column-flex-horizontal\" data-id=\"d526138\" data-element_type=\"column\">\n\t\t\t<div class=\"elementor-widget-wrap elementor-element-populated\">\n\t\t\t\t\t\t\t\t<div class=\"elementor-element elementor-element-f2e2b96 elementor-widget-divider--view-line elementor-widget elementor-widget-divider\" data-id=\"f2e2b96\" data-element_type=\"widget\" data-widget_type=\"divider.default\">\n\t\t\t\t<div class=\"elementor-widget-container\">\n\t\t\t<style>\/*! elementor - v3.5.6 - 28-02-2022 *\/\n.elementor-widget-divider{--divider-border-style:none;--divider-border-width:1px;--divider-color:#2c2c2c;--divider-icon-size:20px;--divider-element-spacing:10px;--divider-pattern-height:24px;--divider-pattern-size:20px;--divider-pattern-url:none;--divider-pattern-repeat:repeat-x}.elementor-widget-divider .elementor-divider{display:-webkit-box;display:-ms-flexbox;display:flex}.elementor-widget-divider .elementor-divider__text{font-size:15px;line-height:1;max-width:95%}.elementor-widget-divider .elementor-divider__element{margin:0 var(--divider-element-spacing);-ms-flex-negative:0;flex-shrink:0}.elementor-widget-divider .elementor-icon{font-size:var(--divider-icon-size)}.elementor-widget-divider .elementor-divider-separator{display:-webkit-box;display:-ms-flexbox;display:flex;margin:0;direction:ltr}.elementor-widget-divider--view-line_icon .elementor-divider-separator,.elementor-widget-divider--view-line_text .elementor-divider-separator{-webkit-box-align:center;-ms-flex-align:center;align-items:center}.elementor-widget-divider--view-line_icon .elementor-divider-separator:after,.elementor-widget-divider--view-line_icon .elementor-divider-separator:before,.elementor-widget-divider--view-line_text .elementor-divider-separator:after,.elementor-widget-divider--view-line_text .elementor-divider-separator:before{display:block;content:\"\";border-bottom:0;-webkit-box-flex:1;-ms-flex-positive:1;flex-grow:1;border-top:var(--divider-border-width) var(--divider-border-style) var(--divider-color)}.elementor-widget-divider--element-align-left .elementor-divider .elementor-divider-separator>.elementor-divider__svg:first-of-type{-webkit-box-flex:0;-ms-flex-positive:0;flex-grow:0;-ms-flex-negative:100;flex-shrink:100}.elementor-widget-divider--element-align-left .elementor-divider-separator:before{content:none}.elementor-widget-divider--element-align-left .elementor-divider__element{margin-left:0}.elementor-widget-divider--element-align-right .elementor-divider .elementor-divider-separator>.elementor-divider__svg:last-of-type{-webkit-box-flex:0;-ms-flex-positive:0;flex-grow:0;-ms-flex-negative:100;flex-shrink:100}.elementor-widget-divider--element-align-right .elementor-divider-separator:after{content:none}.elementor-widget-divider--element-align-right .elementor-divider__element{margin-right:0}.elementor-widget-divider:not(.elementor-widget-divider--view-line_text):not(.elementor-widget-divider--view-line_icon) .elementor-divider-separator{border-top:var(--divider-border-width) var(--divider-border-style) var(--divider-color)}.elementor-widget-divider--separator-type-pattern{--divider-border-style:none}.elementor-widget-divider--separator-type-pattern.elementor-widget-divider--view-line .elementor-divider-separator,.elementor-widget-divider--separator-type-pattern:not(.elementor-widget-divider--view-line) .elementor-divider-separator:after,.elementor-widget-divider--separator-type-pattern:not(.elementor-widget-divider--view-line) .elementor-divider-separator:before,.elementor-widget-divider--separator-type-pattern:not([class*=elementor-widget-divider--view]) .elementor-divider-separator{width:100%;min-height:var(--divider-pattern-height);-webkit-mask-size:var(--divider-pattern-size) 100%;mask-size:var(--divider-pattern-size) 100%;-webkit-mask-repeat:var(--divider-pattern-repeat);mask-repeat:var(--divider-pattern-repeat);background-color:var(--divider-color);-webkit-mask-image:var(--divider-pattern-url);mask-image:var(--divider-pattern-url)}.elementor-widget-divider--no-spacing{--divider-pattern-size:auto}.elementor-widget-divider--bg-round{--divider-pattern-repeat:round}.rtl .elementor-widget-divider .elementor-divider__text{direction:rtl}<\/style>\t\t<div class=\"elementor-divider\">\n\t\t\t<span class=\"elementor-divider-separator\">\n\t\t\t\t\t\t<\/span>\n\t\t<\/div>\n\t\t\t\t<\/div>\n\t\t\t\t<\/div>\n\t\t\t\t<div class=\"elementor-element elementor-element-d9a413f elementor-widget elementor-widget-heading\" data-id=\"d9a413f\" data-element_type=\"widget\" data-widget_type=\"heading.default\">\n\t\t\t\t<div class=\"elementor-widget-container\">\n\t\t\t<style>\/*! elementor - v3.5.6 - 28-02-2022 *\/\n.elementor-heading-title{padding:0;margin:0;line-height:1}.elementor-widget-heading .elementor-heading-title[class*=elementor-size-]>a{color:inherit;font-size:inherit;line-height:inherit}.elementor-widget-heading .elementor-heading-title.elementor-size-small{font-size:15px}.elementor-widget-heading .elementor-heading-title.elementor-size-medium{font-size:19px}.elementor-widget-heading .elementor-heading-title.elementor-size-large{font-size:29px}.elementor-widget-heading .elementor-heading-title.elementor-size-xl{font-size:39px}.elementor-widget-heading .elementor-heading-title.elementor-size-xxl{font-size:59px}<\/style><h2 class=\"elementor-heading-title elementor-size-default\">Mentions L\u00e9gales<\/h2>\t\t<\/div>\n\t\t\t\t<\/div>\n\t\t\t\t\t<\/div>\n\t\t<\/div>\n\t\t\t\t<div class=\"elementor-column elementor-col-50 elementor-inner-column elementor-element elementor-element-b84837d\" data-id=\"b84837d\" data-element_type=\"column\">\n\t\t\t<div class=\"elementor-widget-wrap\">\n\t\t\t\t\t\t\t\t\t<\/div>\n\t\t<\/div>\n\t\t\t\t\t\t\t<\/div>\n\t\t<\/section>\n\t\t\t\t<section class=\"elementor-section elementor-inner-section elementor-element elementor-element-f7a9279 elementor-section-boxed elementor-section-height-default elementor-section-height-default\" data-id=\"f7a9279\" data-element_type=\"section\" data-settings=\"{&quot;jet_parallax_layout_list&quot;:[]}\">\n\t\t\t\t\t\t<div class=\"elementor-container elementor-column-gap-default\">\n\t\t\t\t\t<div class=\"elementor-column elementor-col-100 elementor-inner-column elementor-element elementor-element-6b6e4a8\" data-id=\"6b6e4a8\" data-element_type=\"column\">\n\t\t\t<div class=\"elementor-widget-wrap elementor-element-populated\">\n\t\t\t\t\t\t\t\t<div class=\"elementor-element elementor-element-f836924 elementor-widget elementor-widget-text-editor\" data-id=\"f836924\" data-element_type=\"widget\" data-widget_type=\"text-editor.default\">\n\t\t\t\t<div class=\"elementor-widget-container\">\n\t\t\t<style>\/*! elementor - v3.5.6 - 28-02-2022 *\/\n.elementor-widget-text-editor.elementor-drop-cap-view-stacked .elementor-drop-cap{background-color:#818a91;color:#fff}.elementor-widget-text-editor.elementor-drop-cap-view-framed .elementor-drop-cap{color:#818a91;border:3px solid;background-color:transparent}.elementor-widget-text-editor:not(.elementor-drop-cap-view-default) .elementor-drop-cap{margin-top:8px}.elementor-widget-text-editor:not(.elementor-drop-cap-view-default) .elementor-drop-cap-letter{width:1em;height:1em}.elementor-widget-text-editor .elementor-drop-cap{float:left;text-align:center;line-height:1;font-size:50px}.elementor-widget-text-editor .elementor-drop-cap-letter{display:inline-block}<\/style>\t\t\t\t<p>Tout acc\u00e8s au site web www.pourgreenquentin.org et\/ou toute recherche effectu\u00e9e sur ledit site, et\/ou toute utilisation dudit site et \/ou tout t\u00e9l\u00e9chargement d\u2019une partie du contenu dudit site par l\u2019utilisateur vaut acceptation des Conditions d\u2019Utilisation du site web www.pourgreenquentin.org, telles que d\u00e9finies ci-apr\u00e8s.<\/p><p>1. Droit de propri\u00e9t\u00e9 intellectuelle<\/p><p>Ce site appartient, et est exploit\u00e9 par Association Pour Green Quentin. La pr\u00e9sentation et chacun des \u00e9l\u00e9ments, y compris les marques, logos et noms de domaine, apparaissant sur le site www.pourgreenquentin.org (ci-apr\u00e8s \u00ab le Site \u00bb), sont prot\u00e9g\u00e9s par les lois en vigueur sur la propri\u00e9t\u00e9 intellectuelle.<\/p><p>Aucun \u00e9l\u00e9ment composant le site www.pourgreenquentin.org ne peut \u00eatre copi\u00e9, reproduit, modifi\u00e9, r\u00e9\u00e9dit\u00e9, charg\u00e9, d\u00e9natur\u00e9, transmis ou distribu\u00e9 de quelque mani\u00e8re que ce soit, sous quelque support que ce soit, de fa\u00e7on partielle ou int\u00e9grale, sans l\u2019autorisation \u00e9crite et pr\u00e9alable de Association Pour Green Quentin \u00e0 l\u2019exception d\u2019une stricte utilisation pour les besoins de la presse et sous r\u00e9serve du respect des droits de propri\u00e9t\u00e9 intellectuelle et de tout autre droit de propri\u00e9t\u00e9 dont il est fait mention. Seule la copie \u00e0 usage priv\u00e9 est autoris\u00e9e pour un usage personnel, priv\u00e9 et non-commercial.<\/p><p>La mention suivante doit notamment appara\u00eetre sur toute copie autoris\u00e9e de tout ou partie du contenu du Site: \u00ab Copyright 2022 Association Pour Green Quentin tous droits r\u00e9serv\u00e9s \u00bb accompagn\u00e9e d\u2019un lien pointant vers le site www.pourgreenquentin.org<br \/>Toute utilisation autoris\u00e9e des \u00e9l\u00e9ments composant ou figurant dans le site doit se faire sans d\u00e9naturation, modification ou alt\u00e9ration de quelque mani\u00e8re que ce soit.<\/p><p>Association Pour Green Quentin se r\u00e9serve le droit de poursuivre tout acte de contrefa\u00e7on de ses droits de propri\u00e9t\u00e9 intellectuelle.<\/p><p>2 . Liens vers d\u2019autres sites<\/p><p>Association Pour Green Quentin n\u2019exerce aucun contr\u00f4le quant au contenu des sites tiers. L\u2019existence d\u2019un lien hypertexte entre le site web www.pourgreenquentin.org et un site tiers ne signifie pas que Association Pour Green Quentin assume une quelconque garantie et responsabilit\u00e9 quant \u00e0 son contenu ou l\u2019usage qui peut en \u00eatre fait.<\/p><p>Il incombe \u00e0 l\u2019utilisateur de prendre les pr\u00e9cautions n\u00e9cessaires pour s\u2019assurer de l\u2019absence de virus sur le site visit\u00e9.<\/p><p>Il est interdit, sans l\u2019accord \u00e9crit et pr\u00e9alable de Association Pour Green Quentin, \u00e0 tout utilisateur du site web www.pourgreenquentin.org de cr\u00e9er, sur n\u2019importe quel autre site web, tout lien hypertexte y compris un lien hypertexte dit \u00ab profond \u00bb avec une page du site web www.pourgreenquentin.org et de le combiner avec la technique du \u00ab framing \u00bb ou toute autre technique similaire permettant de renvoyer directement aux pages secondaires du site web www.pourgreenquentin.org sans passer par sa page d\u2019accueil.<\/p><p>3. Informations nominatives et autres informations<\/p><p>3.1 Association Pour Green Quentin ne divulguera pas \u00e0 des tiers les donn\u00e9es personnelles vous concernant que vous pourriez lui communiquer par le moyen de la messagerie \u00e9lectronique. Elles ne seront utilis\u00e9es que dans le but de vous r\u00e9pondre le plus efficacement possible.<\/p><p>Conform\u00e9ment \u00e0 la \u00ab Loi n\u00b02004-801 du 6 ao\u00fbt 2004, Loi relative \u00e0 la protection des personnes physiques \u00e0 l\u2019\u00e9gard des traitements de donn\u00e9es personnelles et modifiant la loi n\u00b078-17 du 06 janvier 1978 relative \u00e0 l\u2019informatique, aux fichiers et aux libert\u00e9s \u00bb, vous disposez d\u2019un droit d\u2019acc\u00e8s, de modification, de rectification et de suppression des donn\u00e9es personnelles qui vous concernent. Pour cela, il suffit d\u2019en faire la demande : En ligne: contact@Association Pour Green Quentin.fr<br \/>3.2 Le Site n\u2019est pas destin\u00e9 \u00e0 recevoir des utilisateurs des informations \u00e0 caract\u00e8re confidentiel. En cons\u00e9quence et \u00e0 l\u2019exception des donn\u00e9es personnelles vis\u00e9es ci-dessus, toute information, quelle qu\u2019en soit la forme \u2013 document, donn\u00e9e, graphique, question, suggestion, concept, remarque, ou autre -, qui seront communiqu\u00e9e sur le Site ne sera en aucun cas tenue pour confidentielle.<\/p><p>4 . Responsabilit\u00e9<\/p><p>Les informations qui sont communiqu\u00e9es sur l\u2019ensemble des rubriques de Association Pour Green Quentin, ainsi que les faits ou \u00e9v\u00e9nements directs ou indirects en d\u00e9coulant, ne pourront en aucun cas permettre la mise en cause de Association Pour Green Quentin et l\u2019engagement de sa responsabilit\u00e9 \u00e0 quelque titre que ce soit.<\/p><p>L\u2019utilisateur est seul responsable des dommages et pr\u00e9judices, directs ou indirects, mat\u00e9riels ou immat\u00e9riels d\u00e8s lors qu\u2019ils auraient pour cause, fondement ou origine un usage du Site par vous-m\u00eame ou par toute personne autoris\u00e9e par vous \u00e0 utiliser ce Site. Par usage, il convient d\u2019entendre tout usage du Site quel qu\u2019il soit, frauduleux ou non frauduleux. Vous renoncez \u00e0 toute r\u00e9clamation ou action en justice relative \u00e0 de tels dommages et pr\u00e9judices, sur le fondement de la responsabilit\u00e9 contractuelle de Association Pour Green Quentin en sa qualit\u00e9 d\u2019\u00e9diteur de ce Site ou sur tout autre fondement.<\/p><p>Des liens hypertextes peuvent renvoyer vers d\u2019autres sites que le Site. En cliquant sur ces liens, vous quittez le Site et aboutissez ainsi sur des sites sur lesquels Association Pour Green Quentin n\u2019exerce aucun contr\u00f4le. En cons\u00e9quence, cette derni\u00e8re d\u00e9gage toute responsabilit\u00e9 dans le cas o\u00f9 le contenu de ces sites contreviendrait aux dispositions l\u00e9gales et r\u00e9glementaires en vigueur.<\/p><p>En outre, il est rappel\u00e9 qu\u2019aucun lien hypertexte ne peut renvoyer sur le Site Association Pour Green Quentin.fr sans l\u2019autorisation pr\u00e9alable et expresse de l\u2019\u00e9diteur du Site. A d\u00e9faut d\u2019autorisation, un tel lien est consid\u00e9r\u00e9 comme constitutif du d\u00e9lit de contrefa\u00e7on, d\u00e9lit dont les peines ont d\u2019ores et d\u00e9j\u00e0 \u00e9t\u00e9 rappel\u00e9es ci-dessus.<\/p><p>Association Pour Green Quentin met en garde les personnes titulaires de l\u2019autorit\u00e9 parentale sur la diversit\u00e9 et la nature des contenus disponibles sur le r\u00e9seau Internet, lesquels peuvent \u00eatre susceptibles de porter pr\u00e9judice aux mineurs. Les parents sont donc encourag\u00e9s \u00e0 surveiller leurs enfants lorsqu\u2019ils se connectent.<\/p><p>5. Garantie de disponibilit\u00e9 du site web<\/p><p>Alors m\u00eame que Association Pour Green Quentin a effectu\u00e9 toutes les d\u00e9marches n\u00e9cessaires pour s\u2019assurer de la fiabilit\u00e9 des informations, services, logiciels ou produits contenus sur ce site web, il ne saurait \u00eatre tenu pour responsable d\u2019erreurs, d\u2019omissions, de virus ou des r\u00e9sultats qui pourraient \u00eatre obtenus par un mauvais usage de ceux-ci. Association Pour Green Quentin n\u2019est en effet tenu que d\u2019une simple obligation de moyens.<\/p><p>L\u2019utilisateur d\u00e9clare et garantit qu\u2019il conna\u00eet parfaitement les caract\u00e9ristiques et les contraintes de l\u2019Internet, et notamment que les transmissions de donn\u00e9es et d\u2019informations sur l\u2019Internet ne b\u00e9n\u00e9ficient que d\u2019une fiabilit\u00e9 technique relative, celles-ci circulant sur des r\u00e9seaux h\u00e9t\u00e9rog\u00e8nes aux caract\u00e9ristiques et capacit\u00e9s techniques diverses, qui perturbent l\u2019acc\u00e8s ou le rendent impossible \u00e0 certaines p\u00e9riodes.<\/p><p>Association Pour Green Quentin s\u2019efforce de maintenir accessible le site Association Pour Green Quentin.FR 7 jours sur 7 et 24 heures sur 24, mais n\u2019est tenu \u00e0 aucune obligation d\u2019y parvenir. Association Pour Green Quentin et\/ou ses fournisseurs peut\/peuvent donc en interrompre l\u2019acc\u00e8s, notamment pour des raisons de maintenance et de mise \u00e0 niveau. L\u2019acc\u00e8s peut \u00e9galement \u00eatre interrompu pour toute autre raison. Association Pour Green Quentin n\u2019est en aucun cas responsable de ces interruptions et des cons\u00e9quences qui peuvent en d\u00e9couler pour l\u2019utilisateur ou tous tiers. Il est rappel\u00e9 par ailleurs que Association Pour Green Quentin peut mettre fin ou modifier les caract\u00e9ristiques du site www.pourgreenquentin.org \u00e0 tout moment, et cela sans pr\u00e9avis.<\/p><p>En aucun cas Association Pour Green Quentin ne saura \u00eatre tenu pour responsable d\u2019une perte de donn\u00e9es ou d\u2019une d\u00e9t\u00e9rioration li\u00e9e \u00e0 ces donn\u00e9es. Toute information ou conseil fourni par Association Pour Green Quentin ne saurait \u00eatre interpr\u00e9t\u00e9 comme une quelconque garantie. Par ailleurs des liens hypertextes peuvent conduire \u00e0 une consultation de sites ext\u00e9rieurs g\u00e9r\u00e9s par des tiers. Sur ces sites web externes, Association Pour Green Quentin n\u2019a aucun contr\u00f4le et n\u2019assume aucune responsabilit\u00e9 quant \u00e0 leur contenu.<\/p><p>6. Loi applicables \u2013 ind\u00e9pendance des clauses<br \/>Toute difficult\u00e9, r\u00e9clamation ou litige provenant ou li\u00e9(e) aux pr\u00e9sentes Conditions d\u2019Utilisation sera r\u00e9gi(e) selon la loi fran\u00e7aise. En cas de litige, les tribunaux fran\u00e7ais seront seuls comp\u00e9tents.<\/p><p>7. Mentions l\u00e9gales<\/p><p>7.1 Editeur du Site et responsable publication:<\/p><p>Association Pour Green Quentin \u2013 contact@pourgreenquentin.org<\/p><p>7.2 H\u00e9bergement du Site : SAFEO<\/p><p>SAFEO \u2013 S.A.S au capital de 10 000 \u20ac \u2013 si\u00e8ge social : 191-195, Avenue Charles de Gaulle 92200 Neuilly-sur-Seine \u2013 Tel : 01.84.20.41.28 \u2013 Adresse e-mail : contact@safeo.fr<\/p><p>7.3 Webmaster : Briac GAUTIER DE CHARNACE (briac@gautierdecharnace.fr)<\/p>\t\t\t\t\t\t<\/div>\n\t\t\t\t<\/div>\n\t\t\t\t\t<\/div>\n\t\t<\/div>\n\t\t\t\t\t\t\t<\/div>\n\t\t<\/section>\n\t\t\t\t\t<\/div>\n\t\t<\/div>\n\t\t\t\t\t\t\t<\/div>\n\t\t<\/section>\n\t\t\t\t\t\t<\/div>\n\t\t\t\t\t<\/div>\n\t\t","protected":false},"excerpt":{"rendered":"<p>Mentions L\u00e9gales Tout acc\u00e8s au site web www.pourgreenquentin.org et\/ou toute recherche effectu\u00e9e sur ledit site, et\/ou toute utilisation dudit site et \/ou tout t\u00e9l\u00e9chargement d\u2019une partie du contenu dudit site par l\u2019utilisateur vaut acceptation des Conditions d\u2019Utilisation du site web www.pourgreenquentin.org, telles que d\u00e9finies ci-apr\u00e8s. 1. Droit de propri\u00e9t\u00e9 intellectuelle Ce site appartient, et est [&hellip;]<\/p>\n","protected":false},"author":1,"featured_media":0,"parent":0,"menu_order":0,"comment_status":"closed","ping_status":"closed","template":"elementor_header_footer","meta":{"footnotes":""},"class_list":["post-104","page","type-page","status-publish","hentry"],"yoast_head":"<!-- This site is optimized with the Yoast SEO plugin v18.3 - https:\/\/yoast.com\/wordpress\/plugins\/seo\/ -->\n<title>Mentions L\u00e9gales - Pour Green Quentin<\/title>\n<meta name=\"robots\" content=\"index, follow, max-snippet:-1, max-image-preview:large, max-video-preview:-1\" \/>\n<link rel=\"canonical\" href=\"https:\/\/www.pourgreenquentin.org\/?page_id=104\" \/>\n<meta property=\"og:locale\" content=\"fr_FR\" \/>\n<meta property=\"og:type\" content=\"article\" \/>\n<meta property=\"og:title\" content=\"Mentions L\u00e9gales - Pour Green Quentin\" \/>\n<meta property=\"og:description\" content=\"Mentions L\u00e9gales Tout acc\u00e8s au site web www.pourgreenquentin.org et\/ou toute recherche effectu\u00e9e sur ledit site, et\/ou toute utilisation dudit site et \/ou tout t\u00e9l\u00e9chargement d\u2019une partie du contenu dudit site par l\u2019utilisateur vaut acceptation des Conditions d\u2019Utilisation du site web www.pourgreenquentin.org, telles que d\u00e9finies ci-apr\u00e8s. 1. Droit de propri\u00e9t\u00e9 intellectuelle Ce site appartient, et est [&hellip;]\" \/>\n<meta property=\"og:url\" content=\"https:\/\/www.pourgreenquentin.org\/?page_id=104\" \/>\n<meta property=\"og:site_name\" content=\"Pour Green Quentin\" \/>\n<meta property=\"article:modified_time\" content=\"2022-03-14T12:35:17+00:00\" \/>\n<meta name=\"twitter:card\" content=\"summary_large_image\" \/>\n<meta name=\"twitter:label1\" content=\"Dur\u00e9e de lecture estim\u00e9e\" \/>\n\t<meta name=\"twitter:data1\" content=\"7 minutes\" \/>\n<script type=\"application\/ld+json\" class=\"yoast-schema-graph\">{\"@context\":\"https:\/\/schema.org\",\"@graph\":[{\"@type\":\"WebSite\",\"@id\":\"https:\/\/www.pourgreenquentin.org\/#website\",\"url\":\"https:\/\/www.pourgreenquentin.org\/\",\"name\":\"Pour Green Quentin\",\"description\":\"\",\"potentialAction\":[{\"@type\":\"SearchAction\",\"target\":{\"@type\":\"EntryPoint\",\"urlTemplate\":\"https:\/\/www.pourgreenquentin.org\/?s={search_term_string}\"},\"query-input\":\"required name=search_term_string\"}],\"inLanguage\":\"fr-FR\"},{\"@type\":\"WebPage\",\"@id\":\"https:\/\/www.pourgreenquentin.org\/?page_id=104#webpage\",\"url\":\"https:\/\/www.pourgreenquentin.org\/?page_id=104\",\"name\":\"Mentions L\u00e9gales - Pour Green Quentin\",\"isPartOf\":{\"@id\":\"https:\/\/www.pourgreenquentin.org\/#website\"},\"datePublished\":\"2022-03-14T12:24:16+00:00\",\"dateModified\":\"2022-03-14T12:35:17+00:00\",\"breadcrumb\":{\"@id\":\"https:\/\/www.pourgreenquentin.org\/?page_id=104#breadcrumb\"},\"inLanguage\":\"fr-FR\",\"potentialAction\":[{\"@type\":\"ReadAction\",\"target\":[\"https:\/\/www.pourgreenquentin.org\/?page_id=104\"]}]},{\"@type\":\"BreadcrumbList\",\"@id\":\"https:\/\/www.pourgreenquentin.org\/?page_id=104#breadcrumb\",\"itemListElement\":[{\"@type\":\"ListItem\",\"position\":1,\"name\":\"Accueil\",\"item\":\"https:\/\/www.pourgreenquentin.org\/\"},{\"@type\":\"ListItem\",\"position\":2,\"name\":\"Mentions L\u00e9gales\"}]}]}<\/script>\n<!-- \/ Yoast SEO plugin. -->","yoast_head_json":{"title":"Mentions L\u00e9gales - Pour Green Quentin","robots":{"index":"index","follow":"follow","max-snippet":"max-snippet:-1","max-image-preview":"max-image-preview:large","max-video-preview":"max-video-preview:-1"},"canonical":"https:\/\/www.pourgreenquentin.org\/?page_id=104","og_locale":"fr_FR","og_type":"article","og_title":"Mentions L\u00e9gales - Pour Green Quentin","og_description":"Mentions L\u00e9gales Tout acc\u00e8s au site web www.pourgreenquentin.org et\/ou toute recherche effectu\u00e9e sur ledit site, et\/ou toute utilisation dudit site et \/ou tout t\u00e9l\u00e9chargement d\u2019une partie du contenu dudit site par l\u2019utilisateur vaut acceptation des Conditions d\u2019Utilisation du site web www.pourgreenquentin.org, telles que d\u00e9finies ci-apr\u00e8s. 1. Droit de propri\u00e9t\u00e9 intellectuelle Ce site appartient, et est [&hellip;]","og_url":"https:\/\/www.pourgreenquentin.org\/?page_id=104","og_site_name":"Pour Green Quentin","article_modified_time":"2022-03-14T12:35:17+00:00","twitter_card":"summary_large_image","twitter_misc":{"Dur\u00e9e de lecture estim\u00e9e":"7 minutes"},"schema":{"@context":"https:\/\/schema.org","@graph":[{"@type":"WebSite","@id":"https:\/\/www.pourgreenquentin.org\/#website","url":"https:\/\/www.pourgreenquentin.org\/","name":"Pour Green Quentin","description":"","potentialAction":[{"@type":"SearchAction","target":{"@type":"EntryPoint","urlTemplate":"https:\/\/www.pourgreenquentin.org\/?s={search_term_string}"},"query-input":"required name=search_term_string"}],"inLanguage":"fr-FR"},{"@type":"WebPage","@id":"https:\/\/www.pourgreenquentin.org\/?page_id=104#webpage","url":"https:\/\/www.pourgreenquentin.org\/?page_id=104","name":"Mentions L\u00e9gales - Pour Green Quentin","isPartOf":{"@id":"https:\/\/www.pourgreenquentin.org\/#website"},"datePublished":"2022-03-14T12:24:16+00:00","dateModified":"2022-03-14T12:35:17+00:00","breadcrumb":{"@id":"https:\/\/www.pourgreenquentin.org\/?page_id=104#breadcrumb"},"inLanguage":"fr-FR","potentialAction":[{"@type":"ReadAction","target":["https:\/\/www.pourgreenquentin.org\/?page_id=104"]}]},{"@type":"BreadcrumbList","@id":"https:\/\/www.pourgreenquentin.org\/?page_id=104#breadcrumb","itemListElement":[{"@type":"ListItem","position":1,"name":"Accueil","item":"https:\/\/www.pourgreenquentin.org\/"},{"@type":"ListItem","position":2,"name":"Mentions L\u00e9gales"}]}]}},"acf":[],"_links":{"self":[{"href":"https:\/\/www.pourgreenquentin.org\/index.php?rest_route=\/wp\/v2\/pages\/104","targetHints":{"allow":["GET"]}}],"collection":[{"href":"https:\/\/www.pourgreenquentin.org\/index.php?rest_route=\/wp\/v2\/pages"}],"about":[{"href":"https:\/\/www.pourgreenquentin.org\/index.php?rest_route=\/wp\/v2\/types\/page"}],"author":[{"embeddable":true,"href":"https:\/\/www.pourgreenquentin.org\/index.php?rest_route=\/wp\/v2\/users\/1"}],"replies":[{"embeddable":true,"href":"https:\/\/www.pourgreenquentin.org\/index.php?rest_route=%2Fwp%2Fv2%2Fcomments&post=104"}],"version-history":[{"count":10,"href":"https:\/\/www.pourgreenquentin.org\/index.php?rest_route=\/wp\/v2\/pages\/104\/revisions"}],"predecessor-version":[{"id":119,"href":"https:\/\/www.pourgreenquentin.org\/index.php?rest_route=\/wp\/v2\/pages\/104\/revisions\/119"}],"wp:attachment":[{"href":"https:\/\/www.pourgreenquentin.org\/index.php?rest_route=%2Fwp%2Fv2%2Fmedia&parent=104"}],"curies":[{"name":"wp","href":"https:\/\/api.w.org\/{rel}","templated":true}]}}